t - 113, -18 = -t + 4*u. Calculate the remainder when t is divided by y.
10
Let z be 3/9 - (218/6 + -1). Let x = 27 + -17. Calculate the remainder when x is divided by 1*(z/(-5) - 1).
4
Suppose n - 2*z + 253 = 2*z, -n = -2*z + 243. Let x = -50 - n. Calculate the remainder when x is divided by 37.
35
Suppose 12 = -3*x - x, -4*i - 2*x - 550 = 0. Let t be (-3 - (1 + -3)) + i. Let s = t - -193. Calculate the remainder when s is divided by 29.
27
Let r = 1 - -3. Suppose z - 21 = -4*z - 4*p, -19 = -r*z - p. Suppose z*w + a = 191, -3*w = a + 2 - 117. What is the remainder when w is divided by 13?
12
What is the remainder when 176 is divided by 18/((-4)/(-192)*18)?
32
Let h = -417 + 427. Calculate the remainder when 73 is divided by h.
3
Let q = 91 + -54. Let x(l) = 2*l**3 - 5*l**2 - 5*l + 10. What is the remainder when x(5) is divided by q?
36
Suppose v + 287 = h + 4*h, -4*h + 234 = -3*v. Let w = 62 - h. What is the remainder when 28 is divided by w?
3
Suppose -4*a = -2*z - 122, 5*z - 2 = -a + 12. Calculate the remainder when 171 is divided by a.
26
Let n = -13 + -13. Let r = n + 31. Calculate the remainder when 17 is divided by r.
2
Let y be (4/16)/((-3)/(-36)). Suppose -63 + 198 = y*i. Calculate the remainder when i is divided by 12.
9
Let u = -10 - -8. Let f = 0 - u. What is the remainder when 41 is divided by 15 + -1 - (f - -1)?
8
Calculate the remainder when 174 is divided by (-5 - -7 - 14)*-3.
30
Let p = -653 - -721. Calculate the remainder when 330 is divided by p.
58
Suppose 3*w - 36 = -w. Suppose -5*y + 128 = 2*z + 368, 2*y = 3*z + 360. Let d = z + 163. Calculate the remainder when d is divided by w.
7
Suppose 5*q + 135 = 2*o, -5*q = -o + 52 + 8. Suppose -o = -2*x + 13. Calculate the remainder when 41 is divided by (-1)/((-92)/x - -2).
8
Suppose 0 = -2*a - 3*a - 35. Let m be 2/7 - 68/a. Suppose 4*z - m = 5*j + 27, 3*j - 22 = -z. Calculate the remainder when 50 is divided by z.
11
Let g = 1274 - 1209. What is the remainder when 324 is divided by g?
64
Suppose 16*c - 96 = 12*c. What is the remainder when 163 is divided by c?
19
Let a be (-1467)/(-2)*4/6. Let n = a + -343. Suppose 0 = 4*s - n + 30. Calculate the remainder when s is divided by 10.
9
Suppose 0 = 3*h - 0*h + 57. What is the remainder when 45 is divided by 3*(h - -3)/(-2)?
21
Let w = 227 - 202. What is the remainder when 248 is divided by w?
23
Let j = 20 + -14. Let i(g) = 3*g - 6. What is the remainder when 186/9 - (-2)/6 is divided by i(j)?
9
Let j = -1419 - -1635. What is the remainder when j is divided by 104?
8
Let i = -277 + 599. Calculate the remainder when i is divided by 65.
62
Suppose 735*q - 188 = 732*q + 16. Suppose -2*k + 3*z + 31 = 0, 0*z - 4*z = -3*k + 46. What is the remainder when q is divided by k?
12
What is the remainder when 159 is divided by ((-9)/15)/((-1)/55)?
27
Let f = 98 + -178. Let j = f - -92. What is the remainder when (-486)/(-14) - (-4)/14 is divided by j?
11
What is the remainder when (10486/(-49))/(1/(-4)) is divided by 66?
64
Suppose -98 = -12*d + 10*d. Let m = -42 + d. Calculate the remainder when (-1)/(60/(-57) + 1) is divided by m.
5
Suppose 0 = d - 27 + 1. Suppose 4*x + 4*z - 7*z - 32 = 0, 0 = 2*x - 4*z - 26. Suppose 0 = -x*v + 17*v - 612. Calculate the remainder when v is divided by d.
25
Suppose -14*g + 18*g = -136. Let y = g + 52. Calculate the remainder when 123 is divided by y.
15
Let k be 150/35 - 4/14. Suppose 24 = k*p - 44. Calculate the remainder when 47 is divided by p.
13
Suppose -35 = -5*z + 5*i, -2*z = -3*z - 4*i - 8. Calculate the remainder when 75/150*(7*-14)/(-1) is divided by z.
1
Suppose -28*p = 87 - 647. Calculate the remainder when p is divided by (-1)/(-4) - 27/(-4).
6
Suppose -3*h + 763 = 2*s, -3 + 11 = -2*s. What is the remainder when h is divided by 86?
85
What is the remainder when -46165*(-23)/644 + (-2)/(-8) is divided by 50?
49
Let v = -1478 + 1490. Suppose -4*y + 3*y = -4. What is the remainder when v is divided by (-2)/y*(-14)/1?
5
Let n = -3069 - -1173. Let r(c) = c**2 + c + 4. Calculate the remainder when n/(-30) - 2/10 is divided by r(3).
15
Suppose 2*w + 7 = 6*w + h, -4*w + 4*h + 12 = 0. Suppose 7*p - w*p - 135 = 0. Let n = p + -15. What is the remainder when 34 is divided by n?
10
Let b(s) = -s**3 - 9*s**2 - 7*s. Let r be b(-8). Let k = 6 + r. What is the remainder when 17 is divided by (-3)/(k/6*1)?
8
Let z be (-27)/6*(3 + -1). Let f = -11 - z. Calculate the remainder when (f - 2)/(-8)*12 is divided by 3.
0
Let d = 4 - 3. Calculate the remainder when -4 + 8 - (-2 - d) is divided by 4.
3
Let l(k) = -100*k + 1117. Calculate the remainder when l(10) is divided by 17.
15
Suppose 264 - 253 = z. Calculate the remainder when 999 is divided by z.
9
Suppose 92 = 6*r + 92. Suppose 4*n - 17*n + 1118 = r. What is the remainder when n is divided by 15?
11
Let d(z) = -z + 16. Suppose -2*x - 15 + 43 = 0. Calculate the remainder when x is divided by d(7).
5
Let a(d) = d**3 + 6*d**2 - 18*d - 3. Let r be a(-8). Let t = r - -39. Calculate the remainder when t is divided by 9.
7
Let j(k) = -13*k + 1. Let s be j(-2). Let l(m) = m**2 + 10*m - 13. Let q be l(-9). Let c = q + s. Calculate the remainder when 11 is divided by c.
1
Suppose 4*z + 35 = 543. Let m(v) = -2*v - 40. Let l be m(-24). What is the remainder when z is divided by 2 + 984/33 + l/44?
31
Let r(w) be the first derivative of -w**2 + 26*w + 25. Calculate the remainder when r(-11) is divided by 26.
22
Let p = 128 + -86. Calculate the remainder when p is divided by 34.
8
Let d(w) = w**2 + 26*w + 61. Calculate the remainder when d(-29) is divided by 38.
34
Calculate the remainder when 166 is divided by (-24)/(-4)*(-8)/(-3).
6
Let u(h) = -11*h - 247. What is the remainder when u(-33) is divided by 17?
14
Suppose 0 = -4*s + q - 23, 3*s + 2*q + 4 = s. Let x(c) = -2*c + 9. Let j(l) = 1. Let h(d) = -6*j(d) + x(d). What is the remainder when 24 is divided by h(s)?
11
Let b be 2/(-8) - 75/(-12). Suppose -i + 77 = b*i. Let y = 3 + i. What is the remainder when 54 is divided by y?
12
Suppose -4*t + 3*m + 3 = 0, 2*t - 12*m = -11*m + 1. Let h(o) = -2*o - 3. Let y be h(-2). Suppose -i - y + 26 = t. What is the remainder when 97 is divided by i?
22
Suppose 3*x = d + 25 - 7, 0 = x - 2*d - 11. Suppose -66 = -2*v - 4*f, -5*v + x*f + 144 + 21 = 0. What is the remainder when v is divided by 17?
16
Suppose b + 4 = 6. Suppose 40 = 3*o - b. What is the remainder when 53 is divided by o?
11
Let r(l) = -10*l - 2. Let q be (4/5)/((-6)/(-15)). Suppose -8 = 2*n + q*n. Calculate the remainder when 70 is divided by r(n).
16
Suppose -40 = -5*p + 50. What is the remainder when p is divided by 6?
0
Suppose k = -k + 4. Calculate the remainder when (-4)/3*(-15)/k is divided by (-2 - 1)/(3/(-6)).
4
What is the remainder when (-385)/28*-4 + (0 - -2) is divided by 26?
5
Suppose 35 = 6*u - 193. Suppose -7*b + 5*b + u = 0. What is the remainder when (1 + 0)*(73 + 0) is divided by b?
16
Let z(h) = h**3 + 5*h**2 - 16*h - 9. Let m be z(-7). Suppose -m*c - 2*j = -2*c - 33, -5*j = 0. Let d = c - -16. What is the remainder when d is divided by 15?
12
Suppose -4*f = 61 - 113. What is the remainder when 56 is divided by f?
4
Let d(o) = 6*o**3 - 44*o**2 + 6*o - 20. Calculate the remainder when d(8) is divided by 21.
11
Let u(a) = a**2 + a - 4. Let x be u(0). Let j(c) = 40*c + 195. Let y be j(36). Calculate the remainder when (y/(-30))/(2/x) is divided by 28.
25
Let g = 498 + -262. Suppose -j - g = -3*j. Calculate the remainder when j is divided by 11/165*447 - (-2)/10.
28
Suppose x - 59 = -4*n - 4*x, x = 3*n - 49. Suppose 282 = 3*c - 0*c. What is the remainder when c is divided by n?
14
Suppose 0*y + y = 12. Let r = 3 - 2. Let m(c) = 35*c - 2. Calculate the remainder when m(r) is divided by y.
9
Calculate the remainder when 570/15 - (4 - 1) is divided by (62/4 + -6)*2.
16
Let i be (2/4)/((-5)/20). Let z be (i + 0)*18/(-12). Suppose 2*v - 5*n = 7 + 34, -3*v + z*n = -48. Calculate the remainder when 37 is divided by v.
11
Suppose 0 = q + 3*r - 26, 11*q = 9*q + r + 45. What is the remainder when 68 is divided by q?
22
Suppose 0 = 11*f - 9*f - 2*d - 18, -4*d = -f + 3. Calculate the remainder when 24 is divided by f.
2
Let b(i) = -4*i**3 - 14*i**2 - 11*i - 2. Calculate the remainder when b(-5) is divided by 12.
11
Le